{"id":28,"date":"2021-01-21T17:43:25","date_gmt":"2021-01-21T17:43:25","guid":{"rendered":"https:\/\/staging.steuerkanzlei-boenisch.com\/?page_id=28"},"modified":"2022-01-07T10:25:46","modified_gmt":"2022-01-07T10:25:46","slug":"impressum","status":"publish","type":"page","link":"https:\/\/steuerkanzlei-boenisch.com\/?page_id=28","title":{"rendered":"Impressum"},"content":{"rendered":"\n<p>Angaben Gem\u00e4\u00df \u00a7 5 TMG\/DL-InfoV<\/p>\n\n\n\n<hr class=\"wp-block-separator\"\/>\n\n\n\n<p>Dipl. Kfm. Michael B\u00f6nisch<br>Wirtschaftspr\u00fcfer\/Steuerberater<br>Hauserweg 1<br>82061 Neuried<\/p>\n\n\n\n<p>Telefon: 089\/95 447 587<br>e-mail: <a href=\"mailto:michael.boenisch@steuerkanzlei-boenisch.com\">michael.boenisch @ steuerkanzlei-boenisch.com<\/a><strong> <\/strong><\/p>\n\n\n\n<p><strong>Berufsbezeichunung:<\/strong><\/p>\n\n\n\n<p>&#8211; Die gesetzliche Berufsbezeichnung &#8220;Steuerberater&#8221; wurde in Deutschland (Bayern) verliehen.<\/p>\n\n\n\n<p>&#8211; Die gesetzliche Berufsbezeichung &#8220;Wirtschaftspr\u00fcfer&#8221; wurde in Deutschland (Bayern) verliehen.<\/p>\n\n\n\n<p><\/p>\n\n\n\n<p><strong>Zust\u00e4ndige Aufsichtsbeh\u00f6rde:<\/strong><\/p>\n\n\n\n<figure class=\"wp-block-table\"><table><tbody><tr><td><strong>Steuerberaterkammer M\u00fcnchen<\/strong><br>Nederlinger Stra\u00dfe 9<br>80638 M\u00fcnchen<br><a href=\"http:\/\/www.stbk-muc.de\">www.stbk-muc.de<\/a><\/td><td><strong>Wirtschaftspr\u00fcferkammer<\/strong><br>Rauchstra\u00dfe 26<br>10757 Berlin<br><a href=\"http:\/\/www.wpk.de\">www.wpk.de<\/a><\/td><\/tr><\/tbody><\/table><\/figure>\n\n\n\n<p><strong>Der Berufsstand der Steuerberater unterliegt im Wasentlichen den folgenden berufsrechtlichen Regelungen:<\/strong><\/p>\n\n\n\n<ul class=\"wp-block-list\"><li>StBerG &#8211; Steuerberatungsgesetz<\/li><li>DVStB &#8211; Verordung zur Durchf\u00fchrung der Vorschriften \u00fcber Steuerberater, Steuerbevollm\u00e4chtigte und Steuerberaungsgesellschaften<\/li><li>BOStB &#8211; Satzung \u00fcber die Rechte und Pflichten bei der Aus\u00fcbung der Berufe der Steuerberater und der Steuerbevollm\u00e4chtigten<\/li><li>StBGebV &#8211; Geb\u00fchrenverordnung f\u00fcr Steuerberater, Steuerbevollm\u00e4chtigte und Steuerberatungsgesellschaften<\/li><\/ul>\n\n\n\n<p>Die berufsrechtlichten Regelungen k\u00f6nnen bei der zust\u00e4ndigen Steuerberaterkammer sowie unter <a href=\"http:\/\/www.dstv.de\/fuer-die-praxis\/rechtsgrundlagen-im-beruf\">www.dstv.de\/fuer-die-praxis\/rechtsgrundlagen-im-beruf<\/a> eingesehen werden.<\/p>\n\n\n\n<p><strong>Ma\u00dfgebliche Regeln der Berufsaus\u00fcbung als Wirtschaftspr\u00fcfer:<\/strong><\/p>\n\n\n\n<p>Die berufsrechtlichen Regelungen und Informationen finden Sie auf den Internetseiten der <a href=\"http:\/\/www.wpk-de\">Wirtschaftspr\u00fcferkammer.<\/a><\/p>\n\n\n\n<p><strong>Berufshaftpflichtversicherung<\/strong><\/p>\n\n\n\n<p>HDI Gerling Firmen und Privat Versicherung AG<\/p>\n\n\n\n<p><strong>Preise\/ Berechnung<\/strong><br>Die Berechnung der Steuerberatergeb\u00fchren richtet sich nach den Umst\u00e4nden des Einzelfalls, sog. Rahmengeb\u00fchren gem. \u00a7 11 StBVV). N\u00e4here Informationen lassen auf der Homepage der Bundessteuerberaterkammer unter www.bstbk.de in der Rubrik &#8220;Ihr Steuerberater\/Verg\u00fctung&#8221; abrufen.<\/p>\n\n\n\n<p><strong>Haftungsausschluss<\/strong><\/p>\n\n\n\n<p><strong>Haftung f\u00fcr Inhalte<\/strong><\/p>\n\n\n\n<p>Die Inhalte unserer Seiten wurden mit gr\u00f6\u00dfter Sorgfalt erstellt. F\u00fcr die Richtigkeit, Vollst\u00e4ndigkeit und Aktualit\u00e4t der Inhalte k\u00f6nnen wir jedoch keine Gew\u00e4hr \u00fcbernehmen. Als Diensteanbieter sind wir gem\u00e4\u00df \u00a7 7 Abs.1 TMG f\u00fcr eigene Inhalte auf diesen Seiten nach den allgemeinen Gesetzen verantwortlich. Nach \u00a7\u00a7 8 bis 10 TMG sind wir als Diensteanbieter jedoch nicht verpflichtet, \u00fcbermittelte oder gespeicherte fremde Informationen zu \u00fcberwachen oder nach Umst\u00e4nden zu forschen, die auf eine rechtswidrige T\u00e4tigkeit hinweisen. Verpflichtungen zur Entfernung oder Sperrung der Nutzung von Informationen nach den allgemeinen Gesetzen bleiben hiervon unber\u00fchrt. Eine diesbez\u00fcgliche Haftung ist jedoch erst ab dem Zeitpunkt der Kenntnis einer konkreten Rechtsverletzung m\u00f6glich. Bei Bekanntwerden von entsprechenden Rechtsverletzungen werden wir diese Inhalte umgehend entfernen.<\/p>\n\n\n\n<p><strong>Quellenagabe f\u00fcr verwendete Bilder:<\/strong><\/p>\n\n\n\n<p>Kevin Kurz, &#8220;Allianz Arena 2&#8221;, CC-Lizenz (BY2.0)<\/p>\n\n\n\n<p>Bilder stammen aus der kostenlosen Bilddatenbank <a href=\"http:\/\/www.piqs.de\">www.piqs.de<\/a><\/p>\n\n\n\n<p><strong>Haftung f\u00fcr Links<\/strong><\/p>\n\n\n\n<p>Unser Angebot enth\u00e4lt Links zu externen Webseiten Dritter, auf deren Inhalte wir keinen Einfluss haben. Deshalb k\u00f6nnen wir f\u00fcr diese fremden Inhalte auch keine Gew\u00e4hr \u00fcbernehmen. F\u00fcr die Inhalte der verlinkten Seiten ist stets der jeweilige Anbieter oder Betreiber der Seiten verantwortlich. Die verlinkten Seiten wurden zum Zeitpunkt der Verlinkung auf m\u00f6gliche Rechtsverst\u00f6\u00dfe \u00fcberpr\u00fcft. Rechtswidrige Inhalte waren zum Zeitpunkt der Verlinkung nicht erkennbar. Eine permanente inhaltliche Kontrolle der verlinkten Seiten ist jedoch ohne konkrete Anhaltspunkte einer Rechtsverletzung nicht zumutbar. Bei Bekanntwerden von Rechtsverletzungen werden wir derartige Links umgehend entfernen.<\/p>\n\n\n\n<p><strong>Urheberrecht<\/strong><\/p>\n\n\n\n<p>Die durch die Seitenbetreiber erstellten Inhalte und Werke auf diesen Seiten unterliegen dem deutschen Urheberrecht. Die Vervielf\u00e4ltigung, Bearbeitung, Verbreitung und jede Art der Verwertung au\u00dferhalb der Grenzen des Urheberrechtes bed\u00fcrfen der schriftlichen Zustimmung des jeweiligen Autors bzw. Erstellers. Downloads und Kopien dieser Seite sind nur f\u00fcr den privaten, nicht kommerziellen Gebrauch gestattet. Soweit die Inhalte auf dieser Seite nicht vom Betreiber erstellt wurden, werden die Urheberrechte Dritter beachtet. Insbesondere werden Inhalte Dritter als solche gekennzeichnet. Sollten Sie trotzdem auf eine Urheberrechtsverletzung aufmerksam werden, bitten wir um einen entsprechenden Hinweis. Bei Bekanntwerden von Rechtsverletzungen werden wir derartige Inhalte umgehend entfernen.<\/p>\n","protected":false},"excerpt":{"rendered":"<p>Angaben Gem\u00e4\u00df \u00a7 5 TMG\/DL-InfoV Dipl. Kfm. Michael B\u00f6nischWirtschaftspr\u00fcfer\/SteuerberaterHauserweg 182061 Neuried Telefon: 089\/95 447 587e-mail: michael.boenisch @ steuerkanzlei-boenisch.com Berufsbezeichunung: &#8211; [&hellip;]<\/p>\n","protected":false},"author":1,"featured_media":0,"parent":0,"menu_order":0,"comment_status":"closed","ping_status":"closed","template":"template-full-width.php","meta":{"footnotes":""},"class_list":["post-28","page","type-page","status-publish","hentry"],"_links":{"self":[{"href":"https:\/\/steuerkanzlei-boenisch.com\/index.php?rest_route=\/wp\/v2\/pages\/28","targetHints":{"allow":["GET"]}}],"collection":[{"href":"https:\/\/steuerkanzlei-boenisch.com\/index.php?rest_route=\/wp\/v2\/pages"}],"about":[{"href":"https:\/\/steuerkanzlei-boenisch.com\/index.php?rest_route=\/wp\/v2\/types\/page"}],"author":[{"embeddable":true,"href":"https:\/\/steuerkanzlei-boenisch.com\/index.php?rest_route=\/wp\/v2\/users\/1"}],"replies":[{"embeddable":true,"href":"https:\/\/steuerkanzlei-boenisch.com\/index.php?rest_route=%2Fwp%2Fv2%2Fcomments&post=28"}],"version-history":[{"count":8,"href":"https:\/\/steuerkanzlei-boenisch.com\/index.php?rest_route=\/wp\/v2\/pages\/28\/revisions"}],"predecessor-version":[{"id":137,"href":"https:\/\/steuerkanzlei-boenisch.com\/index.php?rest_route=\/wp\/v2\/pages\/28\/revisions\/137"}],"wp:attachment":[{"href":"https:\/\/steuerkanzlei-boenisch.com\/index.php?rest_route=%2Fwp%2Fv2%2Fmedia&parent=28"}],"curies":[{"name":"wp","href":"https:\/\/api.w.org\/{rel}","templated":true}]}}

<p>Angaben Gemäß § 5 TMG/DL-InfoV</p>



<hr class="wp-block-separator"/>



<p>Dipl. Kfm. Michael Bönisch<br>Wirtschaftsprüfer/Steuerberater<br>Hauserweg 1<br>82061 Neuried</p>



<p>Telefon: 089/95 447 587<br>e-mail: <a href="mailto:michael.boenisch@steuerkanzlei-boenisch.com">michael.boenisch @ steuerkanzlei-boenisch.com</a><strong> </strong></p>



<p><strong>Berufsbezeichunung:</strong></p>



<p>&#8211; Die gesetzliche Berufsbezeichnung &#8220;Steuerberater&#8221; wurde in Deutschland (Bayern) verliehen.</p>



<p>&#8211; Die gesetzliche Berufsbezeichung &#8220;Wirtschaftsprüfer&#8221; wurde in Deutschland (Bayern) verliehen.</p>



<p></p>



<p><strong>Zuständige Aufsichtsbehörde:</strong></p>



<figure class="wp-block-table"><table><tbody><tr><td><strong>Steuerberaterkammer München</strong><br>Nederlinger Straße 9<br>80638 München<br><a href="http://www.stbk-muc.de">www.stbk-muc.de</a></td><td><strong>Wirtschaftsprüferkammer</strong><br>Rauchstraße 26<br>10757 Berlin<br><a href="http://www.wpk.de">www.wpk.de</a></td></tr></tbody></table></figure>



<p><strong>Der Berufsstand der Steuerberater unterliegt im Wasentlichen den folgenden berufsrechtlichen Regelungen:</strong></p>



<ul class="wp-block-list"><li>StBerG &#8211; Steuerberatungsgesetz</li><li>DVStB &#8211; Verordung zur Durchführung der Vorschriften über Steuerberater, Steuerbevollmächtigte und Steuerberaungsgesellschaften</li><li>BOStB &#8211; Satzung über die Rechte und Pflichten bei der Ausübung der Berufe der Steuerberater und der Steuerbevollmächtigten</li><li>StBGebV &#8211; Gebührenverordnung für Steuerberater, Steuerbevollmächtigte und Steuerberatungsgesellschaften</li></ul>



<p>Die berufsrechtlichten Regelungen können bei der zuständigen Steuerberaterkammer sowie unter <a href="http://www.dstv.de/fuer-die-praxis/rechtsgrundlagen-im-beruf">www.dstv.de/fuer-die-praxis/rechtsgrundlagen-im-beruf</a> eingesehen werden.</p>



<p><strong>Maßgebliche Regeln der Berufsausübung als Wirtschaftsprüfer:</strong></p>



<p>Die berufsrechtlichen Regelungen und Informationen finden Sie auf den Internetseiten der <a href="http://www.wpk-de">Wirtschaftsprüferkammer.</a></p>



<p><strong>Berufshaftpflichtversicherung</strong></p>



<p>HDI Gerling Firmen und Privat Versicherung AG</p>



<p><strong>Preise/ Berechnung</strong><br>Die Berechnung der Steuerberatergebühren richtet sich nach den Umständen des Einzelfalls, sog. Rahmengebühren gem. § 11 StBVV). Nähere Informationen lassen auf der Homepage der Bundessteuerberaterkammer unter www.bstbk.de in der Rubrik &#8220;Ihr Steuerberater/Vergütung&#8221; abrufen.</p>



<p><strong>Haftungsausschluss</strong></p>



<p><strong>Haftung für Inhalte</strong></p>



<p>Die Inhalte unserer Seiten wurden mit größter Sorgfalt erstellt. Für die Richtigkeit, Vollständigkeit und Aktualität der Inhalte können wir jedoch keine Gewähr übernehmen. Als Diensteanbieter sind wir gemäß § 7 Abs.1 TMG für eigene Inhalte auf diesen Seiten nach den allgemeinen Gesetzen verantwortlich. Nach §§ 8 bis 10 TMG sind wir als Diensteanbieter jedoch nicht verpflichtet, übermittelte oder gespeicherte fremde Informationen zu überwachen oder nach Umständen zu forschen, die auf eine rechtswidrige Tätigkeit hinweisen. Verpflichtungen zur Entfernung oder Sperrung der Nutzung von Informationen nach den allgemeinen Gesetzen bleiben hiervon unberührt. Eine diesbezügliche Haftung ist jedoch erst ab dem Zeitpunkt der Kenntnis einer konkreten Rechtsverletzung möglich. Bei Bekanntwerden von entsprechenden Rechtsverletzungen werden wir diese Inhalte umgehend entfernen.</p>



<p><strong>Quellenagabe für verwendete Bilder:</strong></p>



<p>Kevin Kurz, &#8220;Allianz Arena 2&#8221;, CC-Lizenz (BY2.0)</p>



<p>Bilder stammen aus der kostenlosen Bilddatenbank <a href="http://www.piqs.de">www.piqs.de</a></p>



<p><strong>Haftung für Links</strong></p>



<p>Unser Angebot enthält Links zu externen Webseiten Dritter, auf deren Inhalte wir keinen Einfluss haben. Deshalb können wir für diese fremden Inhalte auch keine Gewähr übernehmen. Für die Inhalte der verlinkten Seiten ist stets der jeweilige Anbieter oder Betreiber der Seiten verantwortlich. Die verlinkten Seiten wurden zum Zeitpunkt der Verlinkung auf mögliche Rechtsverstöße überprüft. Rechtswidrige Inhalte waren zum Zeitpunkt der Verlinkung nicht erkennbar. Eine permanente inhaltliche Kontrolle der verlinkten Seiten ist jedoch ohne konkrete Anhaltspunkte einer Rechtsverletzung nicht zumutbar. Bei Bekanntwerden von Rechtsverletzungen werden wir derartige Links umgehend entfernen.</p>



<p><strong>Urheberrecht</strong></p>



<p>Die durch die Seitenbetreiber erstellten Inhalte und Werke auf diesen Seiten unterliegen dem deutschen Urheberrecht. Die Vervielfältigung, Bearbeitung, Verbreitung und jede Art der Verwertung außerhalb der Grenzen des Urheberrechtes bedürfen der schriftlichen Zustimmung des jeweiligen Autors bzw. Erstellers. Downloads und Kopien dieser Seite sind nur für den privaten, nicht kommerziellen Gebrauch gestattet. Soweit die Inhalte auf dieser Seite nicht vom Betreiber erstellt wurden, werden die Urheberrechte Dritter beachtet. Insbesondere werden Inhalte Dritter als solche gekennzeichnet. Sollten Sie trotzdem auf eine Urheberrechtsverletzung aufmerksam werden, bitten wir um einen entsprechenden Hinweis. Bei Bekanntwerden von Rechtsverletzungen werden wir derartige Inhalte umgehend entfernen.</p>

<p>Angaben Gemäß § 5 TMG/DL-InfoV Dipl. Kfm. Michael BönischWirtschaftsprüfer/SteuerberaterHauserweg 182061 Neuried Telefon: 089/95 447 587e-mail: michael.boenisch @ steuerkanzlei-boenisch.com Berufsbezeichunung: &#8211; [&hellip;]</p>
