{"id":25,"date":"2021-01-21T17:32:12","date_gmt":"2021-01-21T17:32:12","guid":{"rendered":"https:\/\/staging.steuerkanzlei-boenisch.com\/?page_id=25"},"modified":"2021-01-24T20:16:00","modified_gmt":"2021-01-24T20:16:00","slug":"aktuelles","status":"publish","type":"page","link":"https:\/\/steuerkanzlei-boenisch.com\/?page_id=25","title":{"rendered":"Aktuelles"},"content":{"rendered":"\n<p><strong><span class=\"has-inline-color has-luminous-vivid-orange-color\">Aktuelles aus Recht &amp; Steuer<\/span><\/strong><\/p>\n\n\n\n<p>Nachfolgend finden Sie unsere aktuellen Madanten-Rundschreiben, das Steuer-Archiv, die Tagestipps und die wichtigsten Steuertermine im Format PDF oder HTML.<\/p>\n\n\n\n<p>Zur Betrachtung ben\u00f6tigen Sie den kostenlosen Adobe Acrobat Reader oder einen Webbrowser.<\/p>\n\n\n\n<p><strong><span class=\"has-inline-color has-luminous-vivid-orange-color\">Interessante Links: Steuerinfos, aktuelle Rechtsprechung und neue Steuergesetze<\/span><\/strong><\/p>\n\n\n\n<p><a href=\"http:\/\/www.bundesfinanzministerium.de\">www.bundesfinanzministerium.de<\/a> (BFH-Urteile und BMF-Schreiben)<\/p>\n\n\n\n<p><a href=\"http:\/\/www.bundesfinanzhof.de\">www.bundesfinanzhof.de (<\/a>aktuelle Nundesfinanzhofurteile)<\/p>\n\n\n\n<p><a href=\"http:\/\/www.nwb.de\">www.nwb.de<\/a> (aktuelle Steuer- und Wirtschaftsnews)<\/p>\n\n\n\n<p><a href=\"http:\/\/www.steuerspar-urteile.de\">www.steuerspar-urteile.de<\/a> (aktuelle Steuerurteile und Steuertipps)<\/p>\n\n\n\n<p><a href=\"http:\/\/www.bundesanzeiger.de\">www.bundesanzeiger.de<\/a> (Ver\u00f6ffentlichung Steuergesetze u. &#8211; urteile<\/p>\n\n\n\n<p><a href=\"http:\/\/www.bundesverfassungsgericht.de\">www.bundesverfassungsgericht.de<\/a> (Steuertipps, Nettolohnrechner, Steuertabelle=<\/p>\n\n\n\n<p><a href=\"http:\/\/www.bund-der-steuerzahler.de\">www.bund-der-steuerzahler.de<\/a> (Steuertipps, Nettolohnrechner, Steuertabelle)<\/p>\n\n\n\n<p><a href=\"http:\/\/www.bundesregierung.de\">www.bundesregierung.de<\/a> (Bundesregierung aktuell, alle Gesetze)<\/p>\n\n\n\n<p><strong><span class=\"has-inline-color has-luminous-vivid-orange-color\">Wirtschaft: F\u00f6rderprogramme f\u00fcr Existenzgr\u00fcnder und Mittelst\u00e4ndler<\/span><\/strong><\/p>\n\n\n\n<p><a href=\"http:\/\/www.bfe-muenchen.de\">www.bfe-muenchen.de<\/a> (BFE B\u00fcro f\u00fcr Existenzgr\u00fcndungen)<\/p>\n\n\n\n<p><a href=\"http:\/\/www.deutsche-ausgleichsbank.de\">www.deutsche-ausgleichsbank.de<\/a> (DtA Deutsche Ausgleichsbank)<\/p>\n\n\n\n<p><a href=\"http:\/\/www.lfa.de\">www.lfa.de<\/a> (LfA F\u00f6rderbank Bayern)<\/p>\n\n\n\n<p><a href=\"http:\/\/www.kfw.de\">www.kfw.de<\/a> (KfW Bankengruppe)<\/p>\n\n\n\n<p><a href=\"http:\/\/www.startup-in-bayern.de\">www.startup-in-bayern.de<\/a> (Bay. Staatsministerium f. Wirtschaft)<\/p>\n\n\n\n<p><a href=\"http:\/\/www.ueberbrueckungsgeld.de\">www.ueberbrueckungsgeld.de<\/a> (\u00dcberbr\u00fcckungs- und Arbeitslosengeldrechner)<\/p>\n\n\n\n<p><strong><span class=\"has-inline-color has-luminous-vivid-orange-color\">Wirtschaft: Informationen f\u00fcr Unternehmer<\/span><\/strong><\/p>\n\n\n\n<p><a href=\"http:\/\/www.bundesbank.de\">www.bundesbank.de<\/a> (aktuelle Zinss\u00e4tze)<\/p>\n\n\n\n<p><a href=\"http:\/\/www.stmwvt.bayern.de\">www.stmwvt.bayern.de<\/a> (Bay. Staatsministerium f\u00fcr Wirtschaft)<\/p>\n\n\n\n<p><a href=\"http:\/\/www.vbw-bayern.de\">www.vbw-bayern.de<\/a> (Vereinigung der Bay. Wirtschaft)<\/p>\n\n\n\n<p><a href=\"http:\/\/www.ibw-bayern.de\">www.ibw-bayern.de<\/a> (Informationszentrale der Bay. Wirtschaft)<\/p>\n\n\n\n<p><a href=\"http:\/\/www.destatis.de\">www.destatis.de<\/a> (Statistisches Bundesamt)<\/p>\n\n\n\n<p><a href=\"http:\/\/www.bayern.de\">www.bayern.de<\/a> (Bay. Landesamt f. Statistik u. Datenverarb.)<\/p>\n\n\n\n<p><a href=\"http:\/\/www.ihk.de\">www.ihk.de<\/a> (Industrie- und Handelskammer)<\/p>\n\n\n\n<p><a href=\"http:\/\/www.muenchen.ihk.de\">www.muenchen.ihk.de<\/a> (IHK M\u00fcnchen\/Oberbayern)<\/p>\n\n\n\n<p><a href=\"http:\/\/www.muenchen.de\">www.muenchen.de<\/a> (Gewerbeamt M\u00fcnchen)<\/p>\n\n\n\n<p><a href=\"http:\/\/www.arbeitsamt.de\">www.arbeitsamt.de<\/a> (Arbeitsamt)<\/p>\n\n\n\n<p><a href=\"http:\/\/www.aok-business.de\">www.aok-business.de<\/a> (AOK-Service f\u00fcr Unternehme)<\/p>\n\n\n\n<p><a href=\"http:\/\/www.ikk.de\">www.ikk.de<\/a> (Innungskrankenkasse f\u00fcr Handwerker)<\/p>\n\n\n\n<p><\/p>\n\n\n\n<figure class=\"wp-block-image size-large\"><img loading=\"lazy\" decoding=\"async\" width=\"1024\" height=\"682\" src=\"https:\/\/staging.steuerkanzlei-boenisch.com\/wp-content\/uploads\/2021\/01\/registratori-1024x682.jpg\" alt=\"\" class=\"wp-image-38\" srcset=\"https:\/\/steuerkanzlei-boenisch.com\/wp-content\/uploads\/2021\/01\/registratori-1024x682.jpg 1024w, https:\/\/steuerkanzlei-boenisch.com\/wp-content\/uploads\/2021\/01\/registratori-300x200.jpg 300w, https:\/\/steuerkanzlei-boenisch.com\/wp-content\/uploads\/2021\/01\/registratori-768x512.jpg 768w, https:\/\/steuerkanzlei-boenisch.com\/wp-content\/uploads\/2021\/01\/registratori.jpg 1280w\" sizes=\"auto, (max-width: 1024px) 100vw, 1024px\" \/><\/figure>\n","protected":false},"excerpt":{"rendered":"<p>Aktuelles aus Recht &amp; Steuer Nachfolgend finden Sie unsere aktuellen Madanten-Rundschreiben, das Steuer-Archiv, die Tagestipps und die wichtigsten Steuertermine im [&hellip;]<\/p>\n","protected":false},"author":1,"featured_media":0,"parent":0,"menu_order":0,"comment_status":"closed","ping_status":"closed","template":"template-full-width.php","meta":{"footnotes":""},"class_list":["post-25","page","type-page","status-publish","hentry"],"_links":{"self":[{"href":"https:\/\/steuerkanzlei-boenisch.com\/index.php?rest_route=\/wp\/v2\/pages\/25","targetHints":{"allow":["GET"]}}],"collection":[{"href":"https:\/\/steuerkanzlei-boenisch.com\/index.php?rest_route=\/wp\/v2\/pages"}],"about":[{"href":"https:\/\/steuerkanzlei-boenisch.com\/index.php?rest_route=\/wp\/v2\/types\/page"}],"author":[{"embeddable":true,"href":"https:\/\/steuerkanzlei-boenisch.com\/index.php?rest_route=\/wp\/v2\/users\/1"}],"replies":[{"embeddable":true,"href":"https:\/\/steuerkanzlei-boenisch.com\/index.php?rest_route=%2Fwp%2Fv2%2Fcomments&post=25"}],"version-history":[{"count":6,"href":"https:\/\/steuerkanzlei-boenisch.com\/index.php?rest_route=\/wp\/v2\/pages\/25\/revisions"}],"predecessor-version":[{"id":112,"href":"https:\/\/steuerkanzlei-boenisch.com\/index.php?rest_route=\/wp\/v2\/pages\/25\/revisions\/112"}],"wp:attachment":[{"href":"https:\/\/steuerkanzlei-boenisch.com\/index.php?rest_route=%2Fwp%2Fv2%2Fmedia&parent=25"}],"curies":[{"name":"wp","href":"https:\/\/api.w.org\/{rel}","templated":true}]}}